the prime factors of 3376509464?
2, 10247, 41189
What are the prime factors of 637548406?
2, 11, 37, 137, 5717
What are the prime factors of 265422056?
2, 593, 55949
List the prime factors of 90981969.
3, 13, 2332871
List the prime factors of 109969663.
19, 193, 29989
What are the prime factors of 2839340907?
3, 13, 71, 139, 2459
List the prime factors of 134890511.
7, 19270073
What are the prime factors of 27548261?
13, 541, 3917
List the prime factors of 31883880.
2, 3, 5, 7, 37957
What are the prime factors of 14722971?
3, 4907657
What are the prime factors of 3213443?
53, 60631
List the prime factors of 4105884590.
2, 5, 31, 13244789
What are the prime factors of 539999160?
2, 3, 5, 43, 104651
What are the prime factors of 193013670?
2, 3, 5, 43, 149623
List the prime factors of 15050288.
2, 11, 85513
What are the prime factors of 1896678051?
3, 4001, 158017
List the prime factors of 4128528543.
3, 23, 67, 893041
List the prime factors of 953791557.
3, 43, 7393733
List the prime factors of 69939216.
2, 3, 485689
What are the prime factors of 1976529931?
1976529931
What are the prime factors of 70433493?
3, 13, 281, 6427
What are the prime factors of 3308967683?
7, 31, 37, 412127
What are the prime factors of 6392860591?
13, 17, 28926971
What are the prime factors of 764844398?
2, 1487, 257177
What are the prime factors of 54734235?
3, 5, 223, 16363
List the prime factors of 69241202.
2, 113, 306377
List the prime factors of 34757772.
2, 3, 7, 413783
What are the prime factors of 1396813120?
2, 5, 19, 229739
What are the prime factors of 862793531?
137, 6297763
What are the prime factors of 523078493?
7, 19, 3932921
What are the prime factors of 4373492669?
7, 13, 48060359
List the prime factors of 3633453415.
5, 41, 109, 113, 1439
List the prime factors of 242375285.
5, 48475057
What are the prime factors of 151633573?
7, 13, 1666303
List the prime factors of 164457797.
7, 23, 71, 14387
List the prime factors of 154767818.
2, 37, 229, 9133
List the prime factors of 39381863.
67, 587789
What are the prime factors of 2669458570?
2, 5, 266945857
List the prime factors of 4318946739.
3, 23, 20864477
What are the prime factors of 3935459454?
2, 3, 655909909
List the prime factors of 264824064.
2, 3, 114941
List the prime factors of 22079436.
2, 3, 1839953
List the prime factors of 958494428.
2, 29, 284927
What are the prime factors of 808197157?
808197157
What are the prime factors of 752197309?
37, 1741, 11677
What are the prime factors of 7555652194?
2, 3777826097
What are the prime factors of 289216353?
3, 96405451
List the prime factors of 3332905128.
2, 3, 7, 944701
List the prime factors of 68506420.
2, 5, 23, 148927
What are the prime factors of 312310487?
1439, 217033
List the prime factors of 847124714.
2, 59, 71, 101113
What are the prime factors of 1473062255?
5, 7, 23, 73, 3581
List the prime factors of 376808338.
2, 59, 661, 4831
List the prime factors of 43484112.
2, 3, 7, 179, 241
What are the prime factors of 4041447?
3, 1347149
What are the prime factors of 10060240?
2, 5, 125753
What are the prime factors of 275848218?
2, 3, 503, 30467
What are the prime factors of 687819014?
2, 17, 20229971
List the prime factors of 710316595.
5, 41, 3464959
What are the prime factors of 11813456?
2, 738341
List the prime factors of 302138781.
3, 7, 37, 239, 1627
List the prime factors of 680685891.
3, 59, 443, 8681
What are the prime factors of 2275802071?
2275802071
List the prime factors of 11592977.
11, 31, 33997
What are the prime factors of 38626411?
19, 2032969
What are the prime factors of 609328353?
3, 251, 809201
List the prime factors of 157583401.
157583401
What are the prime factors of 272333802?
2, 3, 13, 19, 183761
What are the prime factors of 868288688?
2, 54268043
List the prime factors of 653702991.
3, 7457, 29221
What are the prime factors of 253314604?
2, 63328651
What are the prime factors of 107385137?
23, 37, 257, 491
List the prime factors of 418664853.
3, 577, 80621
What are the prime factors of 52888176?
2, 3, 11, 173, 193
List the prime factors of 2707183679.
409, 6619031
What are the prime factors of 396858277?
337, 1177621
List the prime factors of 2767591987.
73, 349, 108631
What are the prime factors of 106146054?
2, 3, 7, 151, 797
List the prime factors of 4350583276.
2, 13, 31, 1619, 1667
List the prime factors of 1804383186.
2, 3, 41, 139, 52769
List the prime factors of 23361157.
23361157
List the prime factors of 232448027.
7, 911, 36451
List the prime factors of 347854118.
2, 823, 211333
List the prime factors of 686173765.
5, 163, 841931
List the prime factors of 2421392830.
2, 5, 10531, 22993
List the prime factors of 49568827.
7, 11, 643751
List the prime factors of 4028540297.
60397, 66701
List the prime factors of 1318594566.
2, 3, 19, 11566619
What are the prime factors of 207581930?
2, 5, 20758193
List the prime factors of 1189875456.
2, 3, 7, 11, 19, 353
List the prime factors of 2615141209.
19, 877, 156943
List the prime factors of 81314832.
2, 3, 19, 163, 547
List the prime factors of 17994536.
2, 7, 321331
List the prime factors of 2678791917.
3, 892930639
List the prime factors of 20003103.
3, 2222567
List the prime factors of 3927759746.
2, 157, 12508789
List the prime factors of 949350255.
3, 5, 7, 37, 4987
List the prime factors of 133843440.
2, 3, 5, 23, 24247
List the prime factors of 1581967078.
2, 47, 16829437
List the prime factors of 2581185619.
397, 6501727
List the prime factors of 710512319.
11, 947, 68207
List the prime factors of 873513181.
1567, 557443
List the prime factors of 53990900.
2, 5, 59, 9151
What are the prime factors of 2657541162?
2, 3, 442923527
What are the prime factors of 173926906?
2, 3659, 23767
List the prime factors of 392388491.
11, 41, 103, 8447
List the prime factors of 200086707.
3, 66695569
List the prime factors of 74678728.
2, 37, 252293
What are the prime factors of 953532197?
6701, 142297
What are the prime factors of 401094639?
3, 11, 1350487
What are the prime factors of 116852639?
89, 1312951
List the prime factors of 1665819162.
2, 3, 7, 31, 142159
What are the prime factors of 217078198?
2, 113, 960523
What are the prime factors of 6071816001?
3, 757, 2673631
What are the prime factors of 1558641530?
2, 5, 155864153
List the prime factors of 34726163.
34726163
List the prime factors of 2945344900.
2, 5, 59, 499211
List the prime factors of 737158375.
5, 5897267
What are the prime factors of 86515699?
31, 41, 43, 1583
What are the prime factors of 59323792?
2, 11, 29, 59, 197
List the prime factors of 94355978.
2, 47, 1003787
List the prime factors of 47276692.
2, 257, 45989
List the prime factors of 634700451.
3, 7, 11, 2747621
What are the prime factors of 54086308?
2, 101, 133877
What are the prime factors of 1700886571?
1700886571
What are the prime factors of 50258030?
2, 5, 1627, 3089
List the prime factors of 117189203.
29, 4041007
What are the prime factors of 37775279?
761, 49639
What are the prime factors of 20073692?
2, 1063, 4721
What are the prime factors of 52323414?
2, 3, 11, 13, 4691
What are the prime factors of 669935254?
2, 2633, 127219
What are the prime factors of 40455335?
5, 2753, 2939
List the prime factors of 670390550.
2, 5, 13407811
List the prime factors of 2056622533.
7, 23, 43, 419, 709
What are the prime factors of 43653757?
7, 890893
What are the prime factors of 256764594?
2, 3, 19, 23, 97927
What are the prime factors of 168014759?
11, 1987, 7687
What are the prime factors of 42125794?
2, 21062897
What are the prime factors of 18371829?
3, 7, 823, 1063
What are the prime factors of 1902654382?
2, 17, 1019, 54917
List the prime factors of 152464008.
2, 3, 127, 50021
What are the prime factors of 27924931?
17, 43, 38201
List the prime factors of 559616.
2, 1093
List the prime factors of 2856901835.
5, 59, 9684413
What are the prime factors of 41292210?
2, 3, 5, 1376407
What are the prime factors of 643455723?
3, 214485241
List the prime factors of 681680516.
2, 11, 15492739
What are the prime factors of 2018963556?
2, 3, 53, 39191
List the prime factors of 5063065758.
2, 3, 61, 337, 4561
List the prime factors of 866561074.
2, 433280537
What are the prime factors of 470221127?
137, 3432271
List the prime fact